{"id":1227,"date":"2022-03-07T12:24:41","date_gmt":"2022-03-07T11:24:41","guid":{"rendered":"http:\/\/aethic-assurpret.fr\/?page_id=1227"},"modified":"2022-03-07T13:30:26","modified_gmt":"2022-03-07T12:30:26","slug":"formulaire","status":"publish","type":"page","link":"http:\/\/aethic-assurpret.fr\/?page_id=1227","title":{"rendered":"Formulaire"},"content":{"rendered":"\t\t<div data-elementor-type=\"wp-page\" data-elementor-id=\"1227\" class=\"elementor elementor-1227\">\n\t\t\t\t\t\t\t\t\t<section class=\"elementor-section elementor-top-section elementor-element elementor-element-218173ae elementor-section-content-middle elementor-section-boxed elementor-section-height-default elementor-section-height-default\" data-id=\"218173ae\" data-element_type=\"section\" data-settings=\"{&quot;background_background&quot;:&quot;classic&quot;}\">\n\t\t\t\t\t\t<div class=\"elementor-container elementor-column-gap-default\">\n\t\t\t\t\t<div class=\"elementor-column elementor-col-100 elementor-top-column elementor-element elementor-element-55b6a5cd\" data-id=\"55b6a5cd\" data-element_type=\"column\">\n\t\t\t<div class=\"elementor-widget-wrap elementor-element-populated\">\n\t\t\t\t\t\t\t\t<div class=\"elementor-element elementor-element-c308432 elementor-widget elementor-widget-spacer\" data-id=\"c308432\" data-element_type=\"widget\" data-widget_type=\"spacer.default\">\n\t\t\t\t<div class=\"elementor-widget-container\">\n\t\t\t<style>\/*! elementor - v3.6.2 - 04-04-2022 *\/\n.e-container.e-container--row .elementor-spacer-inner{width:var(--spacer-size)}.e-container.e-container--column .elementor-spacer-inner,.elementor-column .elementor-spacer-inner{height:var(--spacer-size)}<\/style>\t\t<div class=\"elementor-spacer\">\n\t\t\t<div class=\"elementor-spacer-inner\"><\/div>\n\t\t<\/div>\n\t\t\t\t<\/div>\n\t\t\t\t<\/div>\n\t\t\t\t<div class=\"elementor-element elementor-element-159fd12f elementor-widget elementor-widget-heading\" data-id=\"159fd12f\" data-element_type=\"widget\" data-widget_type=\"heading.default\">\n\t\t\t\t<div class=\"elementor-widget-container\">\n\t\t\t<style>\/*! elementor - v3.6.2 - 04-04-2022 *\/\n.elementor-heading-title{padding:0;margin:0;line-height:1}.elementor-widget-heading .elementor-heading-title[class*=elementor-size-]>a{color:inherit;font-size:inherit;line-height:inherit}.elementor-widget-heading .elementor-heading-title.elementor-size-small{font-size:15px}.elementor-widget-heading .elementor-heading-title.elementor-size-medium{font-size:19px}.elementor-widget-heading .elementor-heading-title.elementor-size-large{font-size:29px}.elementor-widget-heading .elementor-heading-title.elementor-size-xl{font-size:39px}.elementor-widget-heading .elementor-heading-title.elementor-size-xxl{font-size:59px}<\/style><h2 class=\"elementor-heading-title elementor-size-default\">Formulaire<\/h2>\t\t<\/div>\n\t\t\t\t<\/div>\n\t\t\t\t<div class=\"elementor-element elementor-element-5e1ad80e elementor-widget elementor-widget-text-editor\" data-id=\"5e1ad80e\" data-element_type=\"widget\" data-widget_type=\"text-editor.default\">\n\t\t\t\t<div class=\"elementor-widget-container\">\n\t\t\t<style>\/*! elementor - v3.6.2 - 04-04-2022 *\/\n.elementor-widget-text-editor.elementor-drop-cap-view-stacked .elementor-drop-cap{background-color:#818a91;color:#fff}.elementor-widget-text-editor.elementor-drop-cap-view-framed .elementor-drop-cap{color:#818a91;border:3px solid;background-color:transparent}.elementor-widget-text-editor:not(.elementor-drop-cap-view-default) .elementor-drop-cap{margin-top:8px}.elementor-widget-text-editor:not(.elementor-drop-cap-view-default) .elementor-drop-cap-letter{width:1em;height:1em}.elementor-widget-text-editor .elementor-drop-cap{float:left;text-align:center;line-height:1;font-size:50px}.elementor-widget-text-editor .elementor-drop-cap-letter{display:inline-block}<\/style>\t\t\t\t<p>Information\u2009:<br \/>Vous donnez votre consentement pour que ces donn\u00e9es nous permettent de vous \u00e9tablir un ou plusieurs devis en assurance emprunteur.<br \/>Ces donn\u00e9es ne sont conserv\u00e9es que la dur\u00e9e n\u00e9cessaire \u00e0 l\u2019\u00e9tablissement des devis, et jusqu\u2019\u00e0 l\u2019\u00e9ventuelle souscription \u00e0 notre offre.<br \/>Conform\u00e9ment \u00e0 la r\u00e9glementation en vigueur, vous disposez de droits d\u2019acc\u00e8s, de rectification, d\u2019opposition, d\u2019effacement, \u00e0 la portabilit\u00e9 et \u00e0 la limitation du traitement.<br \/>Vous pouvez exercer ces droits en adressant un courriel \u00e0 <a href=\"mailto:jm.fabie@aethic-assurpret.fr\">jm.fabie@aethic-assurpret.fr<\/a>.<\/p>\t\t\t\t\t\t<\/div>\n\t\t\t\t<\/div>\n\t\t\t\t<div class=\"elementor-element elementor-element-750d829f elementor-widget elementor-widget-spacer\" data-id=\"750d829f\" data-element_type=\"widget\" data-widget_type=\"spacer.default\">\n\t\t\t\t<div class=\"elementor-widget-container\">\n\t\t\t\t\t<div class=\"elementor-spacer\">\n\t\t\t<div class=\"elementor-spacer-inner\"><\/div>\n\t\t<\/div>\n\t\t\t\t<\/div>\n\t\t\t\t<\/div>\n\t\t\t\t<div class=\"elementor-element elementor-element-79eed032 elementor-widget elementor-widget-spacer\" data-id=\"79eed032\" data-element_type=\"widget\" data-widget_type=\"spacer.default\">\n\t\t\t\t<div class=\"elementor-widget-container\">\n\t\t\t\t\t<div class=\"elementor-spacer\">\n\t\t\t<div class=\"elementor-spacer-inner\"><\/div>\n\t\t<\/div>\n\t\t\t\t<\/div>\n\t\t\t\t<\/div>\n\t\t\t\t\t<\/div>\n\t\t<\/div>\n\t\t\t\t\t\t\t<\/div>\n\t\t<\/section>\n\t\t\t\t<section class=\"elementor-section elementor-top-section elementor-element elementor-element-12921a3 elementor-section-boxed elementor-section-height-default elementor-section-height-default\" data-id=\"12921a3\" data-element_type=\"section\">\n\t\t\t\t\t\t<div class=\"elementor-container elementor-column-gap-default\">\n\t\t\t\t\t<div class=\"elementor-column elementor-col-100 elementor-top-column elementor-element elementor-element-3307c39a\" data-id=\"3307c39a\" data-element_type=\"column\" data-settings=\"{&quot;background_background&quot;:&quot;classic&quot;}\">\n\t\t\t<div class=\"elementor-widget-wrap elementor-element-populated\">\n\t\t\t\t\t\t\t\t<div class=\"elementor-element elementor-element-2747df06 elementor-widget elementor-widget-shortcode\" data-id=\"2747df06\" data-element_type=\"widget\" data-widget_type=\"shortcode.default\">\n\t\t\t\t<div class=\"elementor-widget-container\">\n\t\t\t\t\t<div class=\"elementor-shortcode\"><div class=\"wpforms-container \" id=\"wpforms-1226\"><form id=\"wpforms-form-1226\" class=\"wpforms-validate wpforms-form wpforms-ajax-form\" data-formid=\"1226\" method=\"post\" enctype=\"multipart\/form-data\" action=\"\/index.php?rest_route=%2Fwp%2Fv2%2Fpages%2F1227\" data-token=\"07eef2c365f2eaeb6bcc75d756006523\"><noscript class=\"wpforms-error-noscript\">Veuillez activer JavaScript dans votre navigateur pour remplir ce formulaire.<\/noscript><div class=\"wpforms-field-container\"><div id=\"wpforms-1226-field_6-container\" class=\"wpforms-field wpforms-field-radio\" data-field-id=\"6\"><label class=\"wpforms-field-label\" for=\"wpforms-1226-field_6\">Statut professionnel : <span class=\"wpforms-required-label\">*<\/span><\/label><ul id=\"wpforms-1226-field_6\" class=\"wpforms-field-required\"><li class=\"choice-1 depth-1\"><input type=\"radio\" id=\"wpforms-1226-field_6_1\" name=\"wpforms[fields][6]\" value=\"Salari\u00e9\u00b7e \" required ><label class=\"wpforms-field-label-inline\" for=\"wpforms-1226-field_6_1\">Salari\u00e9\u00b7e <\/label><\/li><li class=\"choice-2 depth-1\"><input type=\"radio\" id=\"wpforms-1226-field_6_2\" name=\"wpforms[fields][6]\" value=\"Cadre\" required ><label class=\"wpforms-field-label-inline\" for=\"wpforms-1226-field_6_2\">Cadre<\/label><\/li><li class=\"choice-3 depth-1\"><input type=\"radio\" id=\"wpforms-1226-field_6_3\" name=\"wpforms[fields][6]\" value=\" Non-cadre\" required ><label class=\"wpforms-field-label-inline\" for=\"wpforms-1226-field_6_3\"> Non-cadre<\/label><\/li><li class=\"choice-4 depth-1\"><input type=\"radio\" id=\"wpforms-1226-field_6_4\" name=\"wpforms[fields][6]\" value=\"TNS\" required ><label class=\"wpforms-field-label-inline\" for=\"wpforms-1226-field_6_4\">TNS<\/label><\/li><li class=\"choice-5 depth-1\"><input type=\"radio\" id=\"wpforms-1226-field_6_5\" name=\"wpforms[fields][6]\" value=\"Autre \" required ><label class=\"wpforms-field-label-inline\" for=\"wpforms-1226-field_6_5\">Autre <\/label><\/li><\/ul><\/div><div id=\"wpforms-1226-field_7-container\" class=\"wpforms-field wpforms-field-text\" data-field-id=\"7\"><label class=\"wpforms-field-label\" for=\"wpforms-1226-field_7\">Profession exacte : <span class=\"wpforms-required-label\">*<\/span><\/label><input type=\"text\" id=\"wpforms-1226-field_7\" class=\"wpforms-field-medium wpforms-field-required\" name=\"wpforms[fields][7]\" required><\/div><div id=\"wpforms-1226-field_9-container\" class=\"wpforms-field wpforms-field-checkbox\" data-field-id=\"9\"><label class=\"wpforms-field-label\" for=\"wpforms-1226-field_9\">D\u00e9placements professionnels : <span class=\"wpforms-required-label\">*<\/span><\/label><ul id=\"wpforms-1226-field_9\" class=\"wpforms-field-required\"><li class=\"choice-1 depth-1\"><input type=\"checkbox\" id=\"wpforms-1226-field_9_1\" name=\"wpforms[fields][9][]\" value=\"- 15000\" required ><label class=\"wpforms-field-label-inline\" for=\"wpforms-1226-field_9_1\">- 15000<\/label><\/li><li class=\"choice-2 depth-1\"><input type=\"checkbox\" id=\"wpforms-1226-field_9_2\" name=\"wpforms[fields][9][]\" value=\"15000 \u00e0 20000\" required ><label class=\"wpforms-field-label-inline\" for=\"wpforms-1226-field_9_2\">15000 \u00e0 20000<\/label><\/li><li class=\"choice-3 depth-1\"><input type=\"checkbox\" id=\"wpforms-1226-field_9_3\" name=\"wpforms[fields][9][]\" value=\"+ 20000 \" required ><label class=\"wpforms-field-label-inline\" for=\"wpforms-1226-field_9_3\">+ 20000 <\/label><\/li><li class=\"choice-4 depth-1\"><input type=\"checkbox\" id=\"wpforms-1226-field_9_4\" name=\"wpforms[fields][9][]\" value=\"Aucun\" required ><label class=\"wpforms-field-label-inline\" for=\"wpforms-1226-field_9_4\">Aucun<\/label><\/li><\/ul><\/div><div id=\"wpforms-1226-field_10-container\" class=\"wpforms-field wpforms-field-checkbox\" data-field-id=\"10\"><label class=\"wpforms-field-label\" for=\"wpforms-1226-field_10\">Arr\u00eat de travail en cours : <span class=\"wpforms-required-label\">*<\/span><\/label><ul id=\"wpforms-1226-field_10\" class=\"wpforms-field-required\"><li class=\"choice-1 depth-1\"><input type=\"checkbox\" id=\"wpforms-1226-field_10_1\" name=\"wpforms[fields][10][]\" value=\"Oui\" required ><label class=\"wpforms-field-label-inline\" for=\"wpforms-1226-field_10_1\">Oui<\/label><\/li><li class=\"choice-2 depth-1\"><input type=\"checkbox\" id=\"wpforms-1226-field_10_2\" name=\"wpforms[fields][10][]\" value=\"Non\" required ><label class=\"wpforms-field-label-inline\" for=\"wpforms-1226-field_10_2\">Non<\/label><\/li><\/ul><\/div><div id=\"wpforms-1226-field_11-container\" class=\"wpforms-field wpforms-field-checkbox\" data-field-id=\"11\"><label class=\"wpforms-field-label\" for=\"wpforms-1226-field_11\">Fumeur\u00b7euse ?  <span class=\"wpforms-required-label\">*<\/span><\/label><ul id=\"wpforms-1226-field_11\" class=\"wpforms-field-required\"><li class=\"choice-1 depth-1\"><input type=\"checkbox\" id=\"wpforms-1226-field_11_1\" name=\"wpforms[fields][11][]\" value=\"Oui\" required ><label class=\"wpforms-field-label-inline\" for=\"wpforms-1226-field_11_1\">Oui<\/label><\/li><li class=\"choice-2 depth-1\"><input type=\"checkbox\" id=\"wpforms-1226-field_11_2\" name=\"wpforms[fields][11][]\" value=\"Non\" required ><label class=\"wpforms-field-label-inline\" for=\"wpforms-1226-field_11_2\">Non<\/label><\/li><\/ul><\/div><div id=\"wpforms-1226-field_12-container\" class=\"wpforms-field wpforms-field-checkbox\" data-field-id=\"12\"><label class=\"wpforms-field-label\" for=\"wpforms-1226-field_12\">Nombre d&#039;assur\u00e9\u00b7e\u00b7s : <span class=\"wpforms-required-label\">*<\/span><\/label><ul id=\"wpforms-1226-field_12\" class=\"wpforms-field-required\"><li class=\"choice-1 depth-1\"><input type=\"checkbox\" id=\"wpforms-1226-field_12_1\" name=\"wpforms[fields][12][]\" value=\"Assur\u00e9\u00b7e 1 seul\u00b7e\" required ><label class=\"wpforms-field-label-inline\" for=\"wpforms-1226-field_12_1\">Assur\u00e9\u00b7e 1 seul\u00b7e<\/label><\/li><li class=\"choice-2 depth-1\"><input type=\"checkbox\" id=\"wpforms-1226-field_12_2\" name=\"wpforms[fields][12][]\" value=\"Assur\u00e9\u00b7e 1 + Assur\u00e9\u00b7e 2\" required ><label class=\"wpforms-field-label-inline\" for=\"wpforms-1226-field_12_2\">Assur\u00e9\u00b7e 1 + Assur\u00e9\u00b7e 2<\/label><\/li><\/ul><\/div><div id=\"wpforms-1226-field_13-container\" class=\"wpforms-field wpforms-field-number\" data-field-id=\"13\"><label class=\"wpforms-field-label\" for=\"wpforms-1226-field_13\">Mensualit\u00e9 du pr\u00eat hors assurance :<\/label><input type=\"number\" pattern=\"\\d*\" id=\"wpforms-1226-field_13\" class=\"wpforms-field-medium\" name=\"wpforms[fields][13]\" placeholder=\"en euros\" ><\/div><div id=\"wpforms-1226-field_14-container\" class=\"wpforms-field wpforms-field-number\" data-field-id=\"14\"><label class=\"wpforms-field-label\" for=\"wpforms-1226-field_14\">Mensualit\u00e9 d&#039;assurance :<\/label><input type=\"number\" pattern=\"\\d*\" id=\"wpforms-1226-field_14\" class=\"wpforms-field-medium\" name=\"wpforms[fields][14]\" placeholder=\"en euros\" ><\/div><div id=\"wpforms-1226-field_15-container\" class=\"wpforms-field wpforms-field-number\" data-field-id=\"15\"><label class=\"wpforms-field-label\" for=\"wpforms-1226-field_15\">Taux du pr\u00eat :<\/label><input type=\"number\" pattern=\"\\d*\" id=\"wpforms-1226-field_15\" class=\"wpforms-field-medium\" name=\"wpforms[fields][15]\" placeholder=\"hors assurance, en %\" ><\/div><div id=\"wpforms-1226-field_16-container\" class=\"wpforms-field wpforms-field-text\" data-field-id=\"16\"><label class=\"wpforms-field-label\" for=\"wpforms-1226-field_16\">Le pr\u00eat:  <span class=\"wpforms-required-label\">*<\/span><\/label><input type=\"text\" id=\"wpforms-1226-field_16\" class=\"wpforms-field-medium wpforms-field-required\" name=\"wpforms[fields][16]\" placeholder=\"date de d\u00e9but et dur\u00e9e totale. Quand votre pr\u00eat a-t-il d\u00e9marr\u00e9 et quelle \u00e9tait sa dur\u00e9e initiale?\" required><\/div><div id=\"wpforms-1226-field_17-container\" class=\"wpforms-field wpforms-field-text\" data-field-id=\"17\"><label class=\"wpforms-field-label\" for=\"wpforms-1226-field_17\">Banque : <span class=\"wpforms-required-label\">*<\/span><\/label><input type=\"text\" id=\"wpforms-1226-field_17\" class=\"wpforms-field-medium wpforms-field-required\" name=\"wpforms[fields][17]\" placeholder=\"nom de l&#039;\u00e9tablissement bancaire aupr\u00e8s duquel vous avez souscrit votre emprunt\" required><\/div><div id=\"wpforms-1226-field_0-container\" class=\"wpforms-field wpforms-field-name\" data-field-id=\"0\"><label class=\"wpforms-field-label\" for=\"wpforms-1226-field_0\">Coordonn\u00e9es : <span class=\"wpforms-required-label\">*<\/span><\/label><div class=\"wpforms-field-row wpforms-field-medium\"><div class=\"wpforms-field-row-block wpforms-first wpforms-one-half\"><input type=\"text\" id=\"wpforms-1226-field_0\" class=\"wpforms-field-name-first wpforms-field-required\" name=\"wpforms[fields][0][first]\" placeholder=\"Pr\u00e9nom\" required><label for=\"wpforms-1226-field_0\" class=\"wpforms-field-sublabel after wpforms-sublabel-hide\">Pr\u00e9nom<\/label><\/div><div class=\"wpforms-field-row-block wpforms-one-half\"><input type=\"text\" id=\"wpforms-1226-field_0-last\" class=\"wpforms-field-name-last wpforms-field-required\" name=\"wpforms[fields][0][last]\" placeholder=\"Nom\" required><label for=\"wpforms-1226-field_0-last\" class=\"wpforms-field-sublabel after wpforms-sublabel-hide\">Nom<\/label><\/div><\/div><\/div><div id=\"wpforms-1226-field_1-container\" class=\"wpforms-field wpforms-field-email\" data-field-id=\"1\"><input type=\"email\" id=\"wpforms-1226-field_1\" class=\"wpforms-field-medium wpforms-field-required\" name=\"wpforms[fields][1]\" placeholder=\"Email\" spellcheck=\"false\" required><\/div><div id=\"wpforms-1226-field_3-container\" class=\"wpforms-field wpforms-field-checkbox\" data-field-id=\"3\"><label class=\"wpforms-field-label\" for=\"wpforms-1226-field_3\">J\u2019ai lu et j\u2019accepte les politiques de confidentialit\u00e9s du site : <span class=\"wpforms-required-label\">*<\/span><\/label><ul id=\"wpforms-1226-field_3\" class=\"wpforms-field-required\"><li class=\"choice-1 depth-1\"><input type=\"checkbox\" id=\"wpforms-1226-field_3_1\" name=\"wpforms[fields][3][]\" value=\"Oui\" required ><label class=\"wpforms-field-label-inline\" for=\"wpforms-1226-field_3_1\">Oui<\/label><\/li><\/ul><\/div><div id=\"wpforms-1226-field_5-container\" class=\"wpforms-field wpforms-field-checkbox\" data-field-id=\"5\"><label class=\"wpforms-field-label\" for=\"wpforms-1226-field_5\">Accords RGPD <span class=\"wpforms-required-label\">*<\/span><\/label><ul id=\"wpforms-1226-field_5\" class=\"wpforms-field-required\"><li class=\"choice-1 depth-1\"><input type=\"checkbox\" id=\"wpforms-1226-field_5_1\" name=\"wpforms[fields][5][]\" value=\"Je consens \u00e0 ce que ce site stocke mes informations envoy\u00e9es afin de r\u00e9pondre \u00e0 ma requ\u00eate. En aucun cas, elles ne seront c\u00e9d\u00e9es \u00e0 un tiers\" required ><label class=\"wpforms-field-label-inline\" for=\"wpforms-1226-field_5_1\">Je consens \u00e0 ce que ce site stocke mes informations envoy\u00e9es afin de r\u00e9pondre \u00e0 ma requ\u00eate. En aucun cas, elles ne seront c\u00e9d\u00e9es \u00e0 un tiers<\/label><\/li><\/ul><\/div><\/div><!-- .wpforms-field-container --><div class=\"wpforms-submit-container\" ><input type=\"hidden\" name=\"wpforms[id]\" value=\"1226\"><input type=\"hidden\" name=\"wpforms[author]\" value=\"1\"><button type=\"submit\" name=\"wpforms[submit]\" id=\"wpforms-submit-1226\" class=\"wpforms-submit\" data-alt-text=\"Sending...\" data-submit-text=\"Valider\" aria-live=\"assertive\" value=\"wpforms-submit\">Valider<\/button><img loading=\"lazy\" src=\"http:\/\/aethic-assurpret.fr\/wp-content\/plugins\/wpforms-lite\/assets\/images\/submit-spin.svg\" class=\"wpforms-submit-spinner\" style=\"display: none;\" width=\"26\" height=\"26\" alt=\"Chargement en cours\"><\/div><\/form><\/div>  <!-- .wpforms-container --><\/div>\n\t\t\t\t<\/div>\n\t\t\t\t<\/div>\n\t\t\t\t\t<\/div>\n\t\t<\/div>\n\t\t\t\t\t\t\t<\/div>\n\t\t<\/section>\n\t\t\t\t<section class=\"elementor-section elementor-top-section elementor-element elementor-element-82ca564 elementor-section-boxed elementor-section-height-default elementor-section-height-default\" data-id=\"82ca564\" data-element_type=\"section\">\n\t\t\t\t\t\t<div class=\"elementor-container elementor-column-gap-default\">\n\t\t\t\t\t<div class=\"elementor-column elementor-col-100 elementor-top-column elementor-element elementor-element-00d27bf\" data-id=\"00d27bf\" data-element_type=\"column\">\n\t\t\t<div class=\"elementor-widget-wrap elementor-element-populated\">\n\t\t\t\t\t\t\t\t<div class=\"elementor-element elementor-element-96a7a49 elementor-widget elementor-widget-spacer\" data-id=\"96a7a49\" data-element_type=\"widget\" data-widget_type=\"spacer.default\">\n\t\t\t\t<div class=\"elementor-widget-container\">\n\t\t\t\t\t<div class=\"elementor-spacer\">\n\t\t\t<div class=\"elementor-spacer-inner\"><\/div>\n\t\t<\/div>\n\t\t\t\t<\/div>\n\t\t\t\t<\/div>\n\t\t\t\t\t<\/div>\n\t\t<\/div>\n\t\t\t\t\t\t\t<\/div>\n\t\t<\/section>\n\t\t\t\t\t\t\t<\/div>\n\t\t","protected":false},"excerpt":{"rendered":"<p>Formulaire Information\u2009:Vous donnez votre consentement pour que ces donn\u00e9es nous permettent de vous \u00e9tablir un ou plusieurs devis en assurance emprunteur.Ces donn\u00e9es ne sont conserv\u00e9es que la dur\u00e9e n\u00e9cessaire \u00e0 l\u2019\u00e9tablissement des devis, et jusqu\u2019\u00e0 l\u2019\u00e9ventuelle souscription \u00e0 notre offre.Conform\u00e9ment \u00e0 la r\u00e9glementation en vigueur, vous disposez de droits d\u2019acc\u00e8s, de rectification, d\u2019opposition, d\u2019effacement, \u00e0 [&hellip;]<\/p>\n","protected":false},"author":1,"featured_media":0,"parent":0,"menu_order":0,"comment_status":"closed","ping_status":"closed","template":"elementor_header_footer","meta":[],"_links":{"self":[{"href":"http:\/\/aethic-assurpret.fr\/index.php?rest_route=\/wp\/v2\/pages\/1227"}],"collection":[{"href":"http:\/\/aethic-assurpret.fr\/index.php?rest_route=\/wp\/v2\/pages"}],"about":[{"href":"http:\/\/aethic-assurpret.fr\/index.php?rest_route=\/wp\/v2\/types\/page"}],"author":[{"embeddable":true,"href":"http:\/\/aethic-assurpret.fr\/index.php?rest_route=\/wp\/v2\/users\/1"}],"replies":[{"embeddable":true,"href":"http:\/\/aethic-assurpret.fr\/index.php?rest_route=%2Fwp%2Fv2%2Fcomments&post=1227"}],"version-history":[{"count":13,"href":"http:\/\/aethic-assurpret.fr\/index.php?rest_route=\/wp\/v2\/pages\/1227\/revisions"}],"predecessor-version":[{"id":1270,"href":"http:\/\/aethic-assurpret.fr\/index.php?rest_route=\/wp\/v2\/pages\/1227\/revisions\/1270"}],"wp:attachment":[{"href":"http:\/\/aethic-assurpret.fr\/index.php?rest_route=%2Fwp%2Fv2%2Fmedia&parent=1227"}],"curies":[{"name":"wp","href":"https:\/\/api.w.org\/{rel}","templated":true}]}}